21 + -100212?
-112010111110
In base 2, what is -110101010 + 110100011111000101?
110100011000011011
In base 16, what is 101fa5e - 4a?
101fa14
In base 10, what is -233 - 61786?
-62019
In base 11, what is -1308 - -a75?
-343
In base 8, what is 5432277 + -1?
5432276
In base 13, what is -6 + 48631bb?
48631b5
In base 7, what is -14 + -11334030?
-11334044
In base 8, what is 24157 + -14733?
7224
In base 2, what is -1100000101000101011011001 + -100?
-1100000101000101011011101
In base 9, what is 860874 + 27?
861012
In base 8, what is -1 + 203167574?
203167573
In base 7, what is 205115 + 23221?
231336
In base 4, what is 3100 + 121031112?
121100212
In base 9, what is 1865421 + -146?
1865264
In base 2, what is -1110110010100001011001100100 + 0?
-1110110010100001011001100100
In base 7, what is -6 + 5242405?
5242366
In base 8, what is 30475 + 40171?
70666
In base 12, what is -14 + b200b?
b1bb7
In base 10, what is -7455 + 27889?
20434
In base 6, what is 53 - 10240430?
-10240333
In base 5, what is 42043243121 + -10?
42043243111
In base 6, what is 1232315 + 11552?
1244311
In base 15, what is -54 + -2b3c?
-2b91
In base 10, what is 373 + 1760551?
1760924
In base 8, what is -326646 - -2003?
-324643
In base 7, what is -2402043 + 4?
-2402036
In base 4, what is 20012000222121 + -11?
20012000222110
In base 11, what is 8a79 - 1561?
7518
In base 14, what is 29 + -31d80?
-31d55
In base 8, what is -5355 - 446522?
-454077
In base 2, what is -111011111101 + -110000101111010?
-111000001110111
In base 11, what is -7 + 51a670?
51a664
In base 12, what is -23 + -26b5300?
-26b5323
In base 9, what is 162 + 314780?
315052
In base 2, what is 1110011010111001011 - -10011110?
1110011011001101001
In base 7, what is -162661460 + -46?
-162661536
In base 15, what is 93 + 16e54?
16ee7
In base 8, what is 173 - -1205535?
1205730
In base 16, what is -698 + 0?
-698
In base 2, what is 1100 - -11000011100100101101101101?
11000011100100101101111001
In base 8, what is 35 - 52367?
-52332
In base 9, what is -513270 + 10?
-513260
In base 16, what is -9ed - 531?
-f1e
In base 8, what is -54 + 53134?
53060
In base 10, what is 78 + 82350?
82428
In base 12, what is -619737 - 5?
-619740
In base 9, what is -46 - 1175234?
-1175281
In base 14, what is 19 - -c219a?
c21b5
In base 6, what is 45004154 + -10?
45004144
In base 8, what is -17273 - 143111?
-162404
In base 11, what is 188145 - 280?
187975
In base 8, what is 142 - -3661354?
3661516
In base 10, what is -3 - -84429514?
84429511
In base 9, what is -38373760 + -2?
-38373762
In base 4, what is -11 - 10022202210?
-10022202221
In base 14, what is -621046 + 2?
-621044
In base 7, what is -15 - -1015014633?
1015014615
In base 9, what is -5 - -3635786?
3635781
In base 15, what is 74be40 - -4?
74be44
In base 13, what is 4826018a + -3?
48260187
In base 10, what is 4 + 7403173?
7403177
In base 10, what is 19022265 + -4?
19022261
In base 8, what is -325 - 3741433?
-3741760
In base 8, what is 1561 - 221400?
-217617
In base 5, what is -3 - -114430332?
114430324
In base 15, what is -187 + 1963d3?
19624b
In base 2, what is 11110101111111 - -1000010101?
11111110010100
In base 2, what is 110101110100 - 100111?
110101001101
In base 9, what is 5627201 + 18?
5627220
In base 7, what is 2 - 1601011303?
-1601011301
In base 6, what is -1314452312 - -20?
-1314452252
In base 5, what is -20 - -13001010031?
13001010011
In base 6, what is 105351305 - -1?
105351310
In base 4, what is 1303 + 310000?
311303
In base 9, what is -35540705 + -5?
-35540711
In base 16, what is b75df + 9?
b75e8
In base 10, what is 905 + 38827?
39732
In base 15, what is -1 + -27365e2?
-27365e3
In base 16, what is -2b + -338ae?
-338d9
In base 8, what is 40125 + 23166?
63313
In base 5, what is -32222420 - -202?
-32222213
In base 11, what is -281223 + -44?
-281267
In base 10, what is -27 + 2144428?
2144401
In base 8, what is -64010401 + 3?
-64010376
In base 12, what is -26 - 19657?
-19681
In base 13, what is -66172 + 34?
-6613b
In base 2, what is -11 - 10011011000001111110101110?
-10011011000001111110110001
In base 15, what is 5b845 - -a9?
5b8ee
In base 15, what is 10 + 8221?
8231
In base 2, what is -10101 - -10000101101111?
10000101011010
In base 15, what is -6591 + -10291?
-16832
In base 8, what is 31641 - 70433?
-36572
In base 14, what is 83559a8 - -5?
83559ad
In base 11, what is 366 - 245626?
-245270
In base 16, what is 119979 + 158?
119ad1
In base 15, what is b5cbc - -8?
b5cc5
In base 14, what is -3 - 80179b?
-8017a0
In base 16, what is -95692 + 3c?
-95656
In base 13, what is -8cc - -1252?
653
In base 4, what is 1001000 - -2220030?
3221030
In base 10, what is 4793547 - 108?
4793439
In base 16, what is 31370 + -24?
3134c
In base 8, what is -64745 - 150?
-65115
In base 3, what is -10 - -10210101012010?
10210101012000
In base 5, what is 1031 + -4240232?
-4234201
In base 2, what is -111011 - 100000110010001?
-100000111001100
In base 6, what is -2 + 2330035?
2330033
In base 15, what is -1baa2 + 9be?
-1b0d3
In base 13, what is 2c - -36b9a7?
36ba06
In base 14, what is b88aa0 + 3?
b88aa3
In base 2, what is 100001011011111101101 + -111001110?
100001011011000011111
In base 4, what is 20320 + -11310120?
-11223200
In base 15, what is -2 + 30a8a64?
30a8a62
In base 15, what is 714ba5 - -2?
714ba7
In base 7, what is -40156112 + 113?
-40155666
In base 6, what is -404353321 - 2?
-404353323
In base 2, what is 10101111001010010101011000 + -10?
10101111001010010101010110
In base 4, what is -231 - 22123022?
-22123313
In base 14, what is -56 - -8414d9?
841483
In base 16, what is -2 + -1886ab6?
-1886ab8
In base 4, what is -1 - -121113120111?
121113120110
In base 11, what is 93 + -108852?
-10876a
In base 9, what is 11822 + -18003?
-6071
In base 14, what is -196c5c + 0?
-196c5c
In base 4, what is 301022112133 + 32?
301022112231
In base 3, what is 20111101 + 110020?
20221121
In base 16, what is 21 + -137397?
-137376
In base 4, what is 110212 + 101330203?
102101021
In base 15, what is 51ad2e - 1?
51ad2d
In base 3, what is -101 + 102221101021?
102221100220
In base 5, what is 20214331142 - -2?
20214331144
In base 9, what is -164800 + -33?
-164833
In base 16, what is -4eb - -c783?
c298
In base 15, what is 14de7 + 110e?
16006
In base 13, what is -4 - -1724ac61?
1724ac5a
In base 16, what is -5e153a + 20?
-5e151a
In base 4, what is -113323 + 322010330?
321231001
In base 15, what is 182639 - 6?
182633
In base 7, what is -3454 - 563?
-4350
In base 14, what is -53b0a - ad?
-53bb9
In base 10, what is -6610099 - -4?
-6610095
In base 11, what is -5346a + 389?
-53091
In base 13, what is 94c68 - 2?
94c66
In base 14, what is 106 - -9578b?
95893
In base 2, what is -10 + 101111100101000001111011010?
101111100101000001111011000
In base 13, what is 1 - 642235?
-642234
In base 12, what is -14871 - a3?
-14954
In base 6, what is 533 - 14034011?
-14033034
In base 3, what is 20010 - 120210010112?
-120202220102
In base 4, what is -1313213201003 + 10?
-1313213200333
In base 6, what is 11502145 - 1141?
11501004
In base 14, what is 1b6 + -36cc0?
-36b08
In base 10, what is -21767337 + 5?
-21767332
In base 15, what is 66c36 + -a?
66c2b
In base 11, what is 745 + -1446?
-801
In base 3, what is 2 + 101220022112021?
101220022112100
In base 3, what is 1112110021 + 12111?
1112122202
In base 15, what is -c5dd4 - -3e?
-c5d95
In base 5, what is -1002303 + -1103?
-1003411
In base 7, what is 12 - -2242543?
2242555
In base 15, what is 5a + -985c6?
-9856b
In base 10, what is 6391 + 670?
7061
In base 11, what is -6 + 1938573?
1938568
In base 12, what is 1344128 - -39?
1344165
In base 10, what is -11 + -1111053?
-1111064
In base 7, what is -2513 + 260046?
254233
In base 9, what is 588 + -41161?
-40462
In base 3, what is -120012021022100102 - -1?
-120012021022100101
In base 6, what is 252310313 + -5?
252310304
In base 6, what is 11005 + 12310?
23315
In base 7, what is -140635 + -663?
-141631
In base 12, what is 402a + -689?
3561
In base 2, what is 101010110100011 + 1001011011?
101011111111110
In base 3, what is -111112 - 11012111?
-11201000
In base 16, what is -346c6 - d?
-346d3
In base 16, what is -3 + bea135?
bea132
In base 6, what is -20 - 50241030?
-50241050
In base 15, what is a68848 - 3?
a68845
In base 15, what is 16b - 89d16?
-89b9a
In base 4, what is -11 + 103110333?
10